 - -21)?
-53
Calculate (-4 - 53) + (82 - 58) + -26.
-59
Evaluate 0 + (0 - -48) + -6 + (-8 - (-25 - -18)).
41
34 + 20 + 8 + (-15 + 12 - 18)
41
(-35 - -13 - (128 - 69)) + -1 + 20
-62
Calculate 25 - (-34 + 51) - (0 + -23 + 5).
26
Calculate -174 + 19 + 64 + 18.
-73
What is -22 + (-20 - -55) + (-6 - -59)?
66
What is the value of -3 - -26 - (-20 + 5 - -36)?
2
What is the value of -6 + (-9 - 3) - -18 - ((-7 - 5) + -2)?
14
What is -2 - 73 - (-5 + -2 + 23 + (-112 - -95))?
-74
What is the value of 0 + -75 + -2493 + 2512?
-56
Evaluate -2 - (-18 + 7 - (12 - 17 - -18)).
22
Calculate -43 - (-16 + -23 + 33 + 12 + 1).
-50
(55 - 142) + 82 + 49 + -1 + -2
41
What is (935 - 847 - (2 + 1 + 1)) + -16?
68
Calculate -38 + -62 + 47 - (-1 - (-9 - -4) - -3).
-60
Calculate (-1 - ((13 - 6) + (-4 - -13) - 7)) + 53.
43
Evaluate 67 + -25 - 49 - -8.
1
What is the value of -21 - (184 - (18 - -65))?
-122
14 - (2 + 1 + -1) - (23 + 19 + -107)
77
What is -2 - -1 - (-54 - 59) - (-21 + 24)?
109
83 + 39 + -78 + -134 + -55
-145
What is the value of -7 + 14 + -70 + 47 - -95?
79
What is the value of (2 - -50) + -16 + (-20 - -47)?
63
What is the value of 54 - 17 - (-31 - -87)?
-19
-3 + 46 + 212 + -254 + -148
-147
(-1 - (-8 + -1 - -3) - (-1151 - -1163)) + -78
-85
-12 + 15 + 12 + -3 + 3
15
-9 - (34 + -52) - 21
-12
-25 + 23 + 6 + -5 + -25
-26
Evaluate 153 - 157 - (4 + (96 - (-5 + 3 + 6))).
-100
(-7 - (-13 - -13) - -18) + 1 + (-2 - 60)
-50
Calculate 16 + (19 - -1 - 27) + 6 + -7.
8
What is 13 - (4 - (8 - (18 - 34)))?
33
Evaluate 11 + (-71 - (-10 + 6 + 0)) - (0 - 1).
-55
Evaluate (-122 - -96) + (-7 - -27).
-6
(51 - 73) + -28 + 38
-12
(-50 - -13) + 37 + -46
-46
Calculate 74 - (7 - 40 - (-6 + 2)).
103
9 + (33 - 26) - 76
-60
What is the value of -60 - (27 + -14 - -5 - (10 + 28))?
-40
Calculate (-12 - (-33 - (-3 - -3 - 10))) + -6.
5
Evaluate -56 + -5 + (218 - 198 - (4 + 5 + 2)).
-52
What is the value of -87 + (-102 - -150) - -135?
96
(83 + 100 - 80) + -128
-25
Calculate (12 - -1 - (-8 + 15)) + (5 + 21 - 17).
15
Evaluate 83 - (31 + (152 - 82)).
-18
Evaluate (143 - 62) + 16 + -44.
53
Evaluate (-2 + -13 - (271 + -272)) + 1 + 62.
49
What is -215 + 284 + (7 + -4 - -6)?
78
Evaluate -4 + -14 + -5 + (11 - (-15 - -29)).
-26
(39 - 2) + (-19 + 19 - -33 - 24)
46
Evaluate -10 + -2 + (-18 - (2 + 16 + 43 + 3)).
-94
What is 37 - ((41 - -4) + 26)?
-34
Evaluate (10 - (14 + (-3 - -5)) - 6) + (-26 - -12).
-26
Evaluate 82 + 3 + 82 + -178.
-11
Evaluate -12 - (26 + -69 + 32) - (12 + -1).
-12
What is -938 + 953 - ((-2 - -5) + 0 + 1) - -3?
14
Evaluate 1 + -16 - -29 - (-8 - -23) - -32.
31
0 + -44 - (-1610 - -1567)
-1
What is the value of -148 - (-11 - (20 + -31 + 39))?
-109
Evaluate -70 - (6 + -1) - (-12 - -23).
-86
Calculate -13 + (117 + -75 - 34).
-5
(4 - -34) + -7 + 41 + -1
71
Evaluate 0 + 12 + (11 - (70 + -43)) - -32.
28
-17 + 5 + -5 + 6 - (-45 + 2 + -1)
33
Evaluate -3 + -32 + (-1 - -6) + -14.
-44
What is the value of -77 - (-5 - 59) - 31?
-44
What is the value of 3 - ((-1 - -21 - (-83 - -93) - 48) + 6)?
35
Evaluate (-5184 - -5192) + -4 + (1 - 2).
3
Evaluate (19 - 0) + 106 + -178.
-53
What is the value of -90 + 8 + -21 - (1 + 4 + 9)?
-117
What is the value of 118 + -236 + 142 + -61?
-37
Evaluate 4 + 2 + 32 - 41 - -35.
32
What is the value of (-3 - 98 - (-418 + 413)) + -12?
-108
What is the value of -3 + -47 + 9 + 76?
35
91 + -129 + 20 + 0 + -20
-38
Calculate (13 - -2) + (11 - 16 - -35).
45
What is the value of (-30 - (6 + -18)) + 30?
12
What is 55 - (11 + 0 - (117 - 134))?
27
Calculate 416 + -412 - (-3 + 2).
5
Calculate 16 + (-136 - -43) + -34 + 63.
-48
Calculate 6 + -1 + (1 - (49 + -3 + -11 + -1)).
-28
Calculate -3 - (3 - 1 - (27 + -47)) - 1.
-26
Evaluate 4 + 29 + (-311 - -304) + 6 + 1.
33
Calculate 2 + -68 + 86 - 30.
-10
What is -14 + (-12 - -59) + 4 + (-1 - 6)?
30
Evaluate 8370 + -8422 - (-2 - -2 - -5 - (-1 + 3)).
-55
Calculate (49 - (60 - 18)) + 54.
61
Evaluate (12 - -46) + -4 + 5 + (-13 - -27).
73
What is (21 - 0) + (339 - 248)?
112
What is the value of -1 - (-1027 + 1044 - (1 - 22))?
-39
What is -3 + 3 + -51 + 5 - (-6 - (-6 - 6))?
-52
What is the value of 19 + (-10 - (1 - 0)) + (44 - (2 - 0))?
50
What is (-121 - -55) + 3 + 4 + -8 + -13?
-80
What is the value of (115 - (-37 - -59)) + -43?
50
What is the value of -42 - (47 - 82) - (0 + -51)?
44
What is -4 + -3 - (-377 + 329)?
41
Calculate (18 - 87) + 61 + (-1 + 0 - -9) + 2.
2
What is the value of -46 + (58 - (22 + (-13 - -37)))?
-34
Evaluate (102 - 114) + (0 - -9) + -3 + 43.
37
What is -1 - (-2 + 11) - ((82 - 16) + -90)?
14
What is (-15 - -10) + -6 + 7 + -2 + -2 - -7?
-1
Evaluate 72 + -57 + (-7 - (-7 - -54)).
-39
52 + (-26 + 22 - ((17 - -1) + -3))
33
What is (-1 + 1 - 1 - (13 - 14)) + (-47 - -54)?
7
185 + -3 + -58 + -207
-83
Calculate -261 + 141 + 142 - (10 + 0).
12
13 + -25 - -13 - (12 + -7)
-4
What is 96 - (95 - -46) - -9?
-36
Calculate (51 - -1) + 0 - (-29 + (38 - (7 + -7))).
43
Calculate (-6 - (-8 - -7 - (-48 + 24))) + (-4 - 4).
-37
Evaluate -1069 + 1147 - (-7 - 0 - 37).
122
3 + -12 - 3 - (4 + (-68 - -35 - 13))
30
Calculate 1 + -2 + -12 - (-117 - (-182 - -69)).
-9
What is the value of 46 - (32 + (15 - 3 - 24))?
26
Calculate 76 - 97 - (-15 - (-32 - -22)).
-16
Evaluate (-101 + 12 - (-28 - -3)) + (9 - 0) - -6.
-49
What is 29 + 12 + 6 + -14?
33
Calculate (5 - 25 - -17) + -37.
-40
Evaluate 23 + (-16 - -9 - 28).
-12
What is (-10 - 0) + (11 - 38) + 40 + 4?
7
Calculate (-61 - -89) + -64 - (-3 - 1).
-32
What is -13 + (2 - 3) + 2 + -4 + (-69 - 6)?
-91
Evaluate 11 + 2 + (48 - 20) - 4.
37
Calculate -57 + (-2 - 0) - (1310 - 1320).
-49
Calculate 34 + (11 - 98) + -39 + 3.
-89
What is the value of -2 + 5 + 0 - (-5 - 1) - (-78 - -61)?
26
Calculate -117 + 111 + (0 - -26) + 2 + 0.
22
Calculate 48 - (-38 + 13 - -21).
52
What is (-40 - -1) + (230 - 226)?
-35
Calculate (-665 - -691) + (0 - -2 - (-41 - -38)).
31
Evaluate -268 - (-380 - -111) - (1 - 48).
48
Evaluate (5 + -6 + 12 - (37 + -36)) + -9.
1
(-7 - -4) + 4 - (2 + 9 - (-126 + 22))
-114
Calculate -39 + -120 - (-49 + 21 + -10).
-121
What is (20 - -3) + -45 + 13 + -24?
-33
What is -78 + 16 + 7 + (4 - 41) + 5?
-87
What is -15 - (39 - 42) - (-2 + -63)?
53
What is the value of 17 - (-594 - -593 - (26 + 1))?
45
Calculate 0 + 3 - (17 - 6) - (13 - 85 - -7).
57
Calculate (-5 + 1 - ((5 - 10) + -73)) + (-10 - -5).
69
Evaluate 29 + -1 - (-5039 + 5027).
40
What is -4 + 2 - (2 + (-1 - 0)) - 4 - 73?
-80
What is -12 + (-205 - -197) + -2 + (-3 - 2)?
-27
What is 5 - (12 + -20 - -22 - 15)?
6
What is the value of 53 + (14 - (2 + -3)) + 64 + -70 + 0?
62
What is -53 + (-65 - -179) + -56?
5
What is the value of -7 + (3 - -24) - (-3 + (-6 - -5))?
24
What is 1 + 47 - ((31 + -20 - (12 - 5)) + -5)?
49
What is 8 + -7 + -150 + -63 + 43 + (15 - 1)?
-155
Evaluate -114 + 251 + 66 + -110.
93
Calculate (-113 - -260) + -121 - 156.
-130
-10 + (-57 - -50) + 0 + (4 + -2 - 1)
-16
What is 111 + (-26 - 9) + -64?
12
67 - (265 + -75 + -91)
-32
What is 1 + 38 - (-3 + (31 - (37 - 25)))?
23
Evaluate (26 + -23 + 24 - 62) + 13.
-22
What is -25 + (20 + -18 + 6 - 17) - (-1 - 4)?
-29
42 - 21 - (29 + -10) - (72 + -2)
-68
Calculate 1 + 0 + 11 + (15 - (-18 + 17)) + -90.
-62
What is -3 + 3 - (-72 - (-106 + -21))?
-55
Calculate -5 + -12 + (106 - 47).
42
-32 - -2 - (-1187 + 1215)
-58
Evaluate -555 + 597 - (22 - (-2 + 0 + 7)).
25
What is (-66 + -3 - -59) + (57 - -2) + (0 - 2)?
47
What is (44 - -5) + (80 - 75)?
54
Calculate -13 + 19 + (-12 - -27) + -14.
7
Calculate 8 - (12 + 20) - 24.
-48
What is the value of -9 - (-2 + 1) - (-6 - -40) - (35 + -38)?
-39
-93 + -1 - (-166 - -153)
-81
What is 19 - 54 - 11 - (3 + -6 - -18)?
-61
What is the value of (31 + -35 - 16) + (-64 - -49)?
-35
What is the value of (20 - 15) + -25 + (-58 - -58)?
-20
(-9 - 6) + (53 - 50 - (-3 + 19))
-28
What is 3 + 8 - (-18 + 34) - 29?
-34
-66 - (-84 + -86 + 96)
8
What is 16 - (-55 - ((-2 - (13 - -2)) + 25))?
79
What is 7 + 13 + (-26 - -4) - -1 - -6?
5
What is the value of (-9 - 2) + (23 + 10 + -71 - (-3 + -4))?
-42
What is the value of -42 + 38 + -10 - (-33 + 7)?
12
Calculate -3 + -17 - (-21 - (-16 + -1 + 9)).
-7
What is -36 - (-22 + -9 + 6 + -13)?
2
Evaluate -97 + 94 - (-8 + -35 - 4).
44
What is the value of (3 - -46 - 5) + 36 + 27 + -68?
39
Evaluate 18 + -10 + -3 + 10 - (59 + -92).
48
Calculate (1 - 67) + 35 + -